{"id":2034,"date":"2019-05-07T09:28:59","date_gmt":"2019-05-07T07:28:59","guid":{"rendered":"http:\/\/llegim.org\/0-6-anys\/?page_id=2034"},"modified":"2020-09-17T12:59:03","modified_gmt":"2020-09-17T10:59:03","slug":"exposicio","status":"publish","type":"page","link":"https:\/\/llegim.org\/0-6-anys\/participa\/exposicio\/","title":{"rendered":"Exposici\u00f3"},"content":{"rendered":"<div class=\"wpb-content-wrapper\"><style type=\"text\/css\"><\/style><p>[vc_row][vc_column][vc_column_text]<\/p>\n<h1>Exposici\u00f3 \u00abLlegim?\u00bb<\/h1>\n<p>[\/vc_column_text][\/vc_column][\/vc_row][vc_row][vc_column width=&#8221;1\/2&#8243;][vc_single_image image=&#8221;2180&#8243; img_size=&#8221;full&#8221;][\/vc_column][vc_column width=&#8221;1\/2&#8243;][vc_column_text css=&#8221;.vc_custom_1557339808354{margin-bottom: 0px !important;border-bottom-width: 0px !important;padding-bottom: 0px !important;}&#8221;]<\/p>\n<h3>L\u2019exposici\u00f3 que et presentem proposa estrat\u00e8gies pr\u00e0ctiques i concretes per a fomentar la lectura a casa i aconseguir, aix\u00ed, que el fet de llegir \u2013i de fer-ho en valenci\u00e0\u2013 es convertisca en un h\u00e0bit quotidi\u00e0.<\/h3>\n<p>&nbsp;<\/p>\n<p>La mostra est\u00e0 integrada per:[\/vc_column_text]<div class=\"uavc-list-icon uavc-list-icon-wrapper ult-adjust-bottom-margin   vc_custom_1557157361653  vc_custom_1557157361653\"><ul class=\"uavc-list\"><li><div class=\"uavc-list-content\" id=\"list-icon-wrap-1352\">\n<div class=\"uavc-list-icon  \" data-animation=\"\" data-animation-delay=\"03\" style=\"margin-right:10px;\"><div class=\"ult-just-icon-wrapper  \"><div class=\"align-icon\" style=\"text-align:center;\">\n<div class=\"aio-icon circle \"  style=\"color:#ffffff;background:#8daeab;font-size:10px;display:inline-block;\">\n\t<i class=\"Defaults-paint-brush\"><\/i>\n<\/div><\/div><\/div>\n<\/div><span  data-ultimate-target='#list-icon-wrap-1352 .uavc-list-desc'  data-responsive-json-new='{\"font-size\":\"\",\"line-height\":\"\"}'  class=\"uavc-list-desc ult-responsive\" style=\"\"><strong>12 panells enrotllables<\/strong> (100 \u00d7 200 cm) amb il\u00b7lustracions de l\u2019artista valenci\u00e0 Fran Parre\u00f1o.<\/span><\/div><\/li><li><div class=\"uavc-list-content\" id=\"list-icon-wrap-6438\">\n<div class=\"uavc-list-icon  \" data-animation=\"\" data-animation-delay=\"03\" style=\"margin-right:10px;\"><div class=\"ult-just-icon-wrapper  \"><div class=\"align-icon\" style=\"text-align:center;\">\n<div class=\"aio-icon circle \"  style=\"color:#ffffff;background:#8daeab;font-size:10px;display:inline-block;\">\n\t<i class=\"Defaults-book\"><\/i>\n<\/div><\/div><\/div>\n<\/div><span  data-ultimate-target='#list-icon-wrap-6438 .uavc-list-desc'  data-responsive-json-new='{\"font-size\":\"\",\"line-height\":\"\"}'  class=\"uavc-list-desc ult-responsive\" style=\"\"><strong>Un quadern en paper de 32 p\u00e0gines<\/strong> amb consells pr\u00e0ctics per a fomentar la lectura en fam\u00edlia.<\/span><\/div><\/li><\/ul><\/div>[vc_row_inner][vc_column_inner][vc_column_text css=&#8221;.vc_custom_1557328654128{margin-bottom: 10px !important;border-bottom-width: 0px !important;padding-bottom: 0px !important;}&#8221;]<\/p>\n<h2>L\u2019exposici\u00f3 \u00abLlegim?\u00bb, al teu abast!<\/h2>\n<p>[\/vc_column_text][vc_icon icon_fontawesome=&#8221;fa fa-calendar&#8221; color=&#8221;custom&#8221; background_style=&#8221;rounded&#8221; background_color=&#8221;custom&#8221; size=&#8221;xs&#8221; align=&#8221;center&#8221; custom_color=&#8221;#ffffff&#8221; custom_background_color=&#8221;#8daeab&#8221; css=&#8221;.vc_custom_1557328637996{margin-top: 10px !important;margin-bottom: 10px !important;border-top-width: 0px !important;border-bottom-width: 0px !important;padding-top: 0px !important;padding-bottom: 0px !important;}&#8221;]<div class=\"aio-icon-component    style_1\"><div id=\"Info-box-wrap-1547\" class=\"aio-icon-box square_box-icon\" style=\"border-color:#efefef;border-style:solid;border-width:20px;background-color:#efefef;\"  ><div class=\"aio-icon-description ult-responsive\"  data-ultimate-target='#Info-box-wrap-1547 .aio-icon-description'  data-responsive-json-new='{\"font-size\":\"\",\"line-height\":\"\"}'  style=\"\">La cessi\u00f3 de l\u2019exposici\u00f3 \u00e9s <strong>GRATU\u00cfTA<\/strong> durant <strong>15 dies<\/strong> i est\u00e0 adre\u00e7ada a centres culturals, biblioteques, ajuntaments i centres educatius. <strong>L\u2019entitat sol\u00b7licitant* es far\u00e0 c\u00e0rrec del transport, tant d\u2019anada com de tornada.<\/strong><\/div> <!-- description --><\/div> <!-- aio-icon-box --><\/div> <!-- aio-icon-component -->[vc_column_text]<\/p>\n<p style=\"padding-left: 60px;\">* <em>L\u2019entitat sol\u00b7licitant s\u2019ha de comprometre a tornar el material cedit en perfectes condicions. Si no \u00e9s aix\u00ed, haur\u00e0 de refer el material fet malb\u00e9 o deteriorat.<\/em><\/p>\n<p>[\/vc_column_text]<div class=\" ubtn-ctn-center \"><a class=\"ubtn-link ult-adjust-bottom-margin ubtn-center ubtn-normal \" href=\"mailto:llegim@fundaciobromera.org\" ><button type=\"button\" id=\"ubtn-2250\"  class=\"ubtn ult-adjust-bottom-margin ult-responsive ubtn-normal ubtn-no-hover-bg  none  ubtn-center   tooltip-69ef06e1aa32e\"  data-hover=\"\" data-border-color=\"\" data-bg=\"rgba(229,103,62,0.8)\" data-hover-bg=\"\" data-border-hover=\"\" data-shadow-hover=\"\" data-shadow-click=\"none\" data-shadow=\"\" data-shd-shadow=\"\"  data-ultimate-target='#ubtn-2250'  data-responsive-json-new='{\"font-size\":\"desktop:15px;\",\"line-height\":\"\"}'  style=\"font-weight:normal;border:none;background: rgba(229,103,62,0.8);color: #ffffff;\"><span class=\"ubtn-hover\" style=\"background-color:\"><\/span><span class=\"ubtn-data ubtn-text \" >Sol\u00b7licita-la ja!<\/span><\/button><\/a><\/div>[vc_column_text]<\/p>\n<h5>Pots enviar-nos un correu electr\u00f2nic a l&#8217;adre\u00e7a <a href=\"mailto:llegim@fundaciobromera.org\">llegim@fundaciobromera.org<\/a> per a consultar-ne la disponibilitat.<\/h5>\n<p>[\/vc_column_text][\/vc_column_inner][\/vc_row_inner][\/vc_column][\/vc_row][vc_row][vc_column width=&#8221;1\/2&#8243;][\/vc_column][vc_column width=&#8221;1\/2&#8243;][\/vc_column][\/vc_row]<\/p>\n<\/div>","protected":false},"excerpt":{"rendered":"<p>[vc_row][vc_column][vc_column_text] Exposici\u00f3 \u00abLlegim?\u00bb [\/vc_column_text][\/vc_column][\/vc_row][vc_row][vc_column width=&#8221;1\/2&#8243;][vc_single_image image=&#8221;2180&#8243; img_size=&#8221;full&#8221;][\/vc_column][vc_column width=&#8221;1\/2&#8243;][vc_column_text css=&#8221;.vc_custom_1557339808354{margin-bottom: 0px !important;border-bottom-width: 0px !important;padding-bottom: 0px !important;}&#8221;] L\u2019exposici\u00f3 que et presentem proposa estrat\u00e8gies pr\u00e0ctiques i concretes per a fomentar la lectura a casa i aconseguir, aix\u00ed, que el fet de llegir \u2013i de fer-ho en valenci\u00e0\u2013 es convertisca en un h\u00e0bit quotidi\u00e0. &nbsp; La mostra est\u00e0 integrada&#8230;<\/p>\n","protected":false},"author":2,"featured_media":2154,"parent":2184,"menu_order":0,"comment_status":"closed","ping_status":"closed","template":"","meta":{"inline_featured_image":false,"footnotes":""},"_links":{"self":[{"href":"https:\/\/llegim.org\/0-6-anys\/wp-json\/wp\/v2\/pages\/2034"}],"collection":[{"href":"https:\/\/llegim.org\/0-6-anys\/wp-json\/wp\/v2\/pages"}],"about":[{"href":"https:\/\/llegim.org\/0-6-anys\/wp-json\/wp\/v2\/types\/page"}],"author":[{"embeddable":true,"href":"https:\/\/llegim.org\/0-6-anys\/wp-json\/wp\/v2\/users\/2"}],"replies":[{"embeddable":true,"href":"https:\/\/llegim.org\/0-6-anys\/wp-json\/wp\/v2\/comments?post=2034"}],"version-history":[{"count":0,"href":"https:\/\/llegim.org\/0-6-anys\/wp-json\/wp\/v2\/pages\/2034\/revisions"}],"up":[{"embeddable":true,"href":"https:\/\/llegim.org\/0-6-anys\/wp-json\/wp\/v2\/pages\/2184"}],"wp:featuredmedia":[{"embeddable":true,"href":"https:\/\/llegim.org\/0-6-anys\/wp-json\/wp\/v2\/media\/2154"}],"wp:attachment":[{"href":"https:\/\/llegim.org\/0-6-anys\/wp-json\/wp\/v2\/media?parent=2034"}],"curies":[{"name":"wp","href":"https:\/\/api.w.org\/{rel}","templated":true}]}}

Exposició

<div class="wpb-content-wrapper"><style type="text/css"></style><p>[vc_row][vc_column][vc_column_text]</p>
<h1>Exposició «Llegim?»</h1>
<p>[/vc_column_text][/vc_column][/vc_row][vc_row][vc_column width=&#8221;1/2&#8243;][vc_single_image image=&#8221;2180&#8243; img_size=&#8221;full&#8221;][/vc_column][vc_column width=&#8221;1/2&#8243;][vc_column_text css=&#8221;.vc_custom_1557339808354{margin-bottom: 0px !important;border-bottom-width: 0px !important;padding-bottom: 0px !important;}&#8221;]</p>
<h3>L’exposició que et presentem proposa estratègies pràctiques i concretes per a fomentar la lectura a casa i aconseguir, així, que el fet de llegir –i de fer-ho en valencià– es convertisca en un hàbit quotidià.</h3>
<p>&nbsp;</p>
<p>La mostra està integrada per:[/vc_column_text]<div class="uavc-list-icon uavc-list-icon-wrapper ult-adjust-bottom-margin   vc_custom_1557157361653  vc_custom_1557157361653"><ul class="uavc-list"><li><div class="uavc-list-content" id="list-icon-wrap-1352">
<div class="uavc-list-icon  " data-animation="" data-animation-delay="03" style="margin-right:10px;"><div class="ult-just-icon-wrapper  "><div class="align-icon" style="text-align:center;">
<div class="aio-icon circle "  style="color:#ffffff;background:#8daeab;font-size:10px;display:inline-block;">
	<i class="Defaults-paint-brush"></i>
</div></div></div>
</div><span  data-ultimate-target='#list-icon-wrap-1352 .uavc-list-desc'  data-responsive-json-new='{"font-size":"","line-height":""}'  class="uavc-list-desc ult-responsive" style=""><strong>12 panells enrotllables</strong> (100 × 200 cm) amb il·lustracions de l’artista valencià Fran Parreño.</span></div></li><li><div class="uavc-list-content" id="list-icon-wrap-6438">
<div class="uavc-list-icon  " data-animation="" data-animation-delay="03" style="margin-right:10px;"><div class="ult-just-icon-wrapper  "><div class="align-icon" style="text-align:center;">
<div class="aio-icon circle "  style="color:#ffffff;background:#8daeab;font-size:10px;display:inline-block;">
	<i class="Defaults-book"></i>
</div></div></div>
</div><span  data-ultimate-target='#list-icon-wrap-6438 .uavc-list-desc'  data-responsive-json-new='{"font-size":"","line-height":""}'  class="uavc-list-desc ult-responsive" style=""><strong>Un quadern en paper de 32 pàgines</strong> amb consells pràctics per a fomentar la lectura en família.</span></div></li></ul></div>[vc_row_inner][vc_column_inner][vc_column_text css=&#8221;.vc_custom_1557328654128{margin-bottom: 10px !important;border-bottom-width: 0px !important;padding-bottom: 0px !important;}&#8221;]</p>
<h2>L’exposició «Llegim?», al teu abast!</h2>
<p>[/vc_column_text][vc_icon icon_fontawesome=&#8221;fa fa-calendar&#8221; color=&#8221;custom&#8221; background_style=&#8221;rounded&#8221; background_color=&#8221;custom&#8221; size=&#8221;xs&#8221; align=&#8221;center&#8221; custom_color=&#8221;#ffffff&#8221; custom_background_color=&#8221;#8daeab&#8221; css=&#8221;.vc_custom_1557328637996{margin-top: 10px !important;margin-bottom: 10px !important;border-top-width: 0px !important;border-bottom-width: 0px !important;padding-top: 0px !important;padding-bottom: 0px !important;}&#8221;]<div class="aio-icon-component    style_1"><div id="Info-box-wrap-1547" class="aio-icon-box square_box-icon" style="border-color:#efefef;border-style:solid;border-width:20px;background-color:#efefef;"  ><div class="aio-icon-description ult-responsive"  data-ultimate-target='#Info-box-wrap-1547 .aio-icon-description'  data-responsive-json-new='{"font-size":"","line-height":""}'  style="">La cessió de l’exposició és <strong>GRATUÏTA</strong> durant <strong>15 dies</strong> i està adreçada a centres culturals, biblioteques, ajuntaments i centres educatius. <strong>L’entitat sol·licitant* es farà càrrec del transport, tant d’anada com de tornada.</strong></div> <!-- description --></div> <!-- aio-icon-box --></div> <!-- aio-icon-component -->[vc_column_text]</p>
<p style="padding-left: 60px;">* <em>L’entitat sol·licitant s’ha de comprometre a tornar el material cedit en perfectes condicions. Si no és així, haurà de refer el material fet malbé o deteriorat.</em></p>
<p>[/vc_column_text]<div class=" ubtn-ctn-center "><a class="ubtn-link ult-adjust-bottom-margin ubtn-center ubtn-normal " href="mailto:llegim@fundaciobromera.org" ><button type="button" id="ubtn-2250"  class="ubtn ult-adjust-bottom-margin ult-responsive ubtn-normal ubtn-no-hover-bg  none  ubtn-center   tooltip-69ef06e1aa32e"  data-hover="" data-border-color="" data-bg="rgba(229,103,62,0.8)" data-hover-bg="" data-border-hover="" data-shadow-hover="" data-shadow-click="none" data-shadow="" data-shd-shadow=""  data-ultimate-target='#ubtn-2250'  data-responsive-json-new='{"font-size":"desktop:15px;","line-height":""}'  style="font-weight:normal;border:none;background: rgba(229,103,62,0.8);color: #ffffff;"><span class="ubtn-hover" style="background-color:"></span><span class="ubtn-data ubtn-text " >Sol·licita-la ja!</span></button></a></div>[vc_column_text]</p>
<h5>Pots enviar-nos un correu electrònic a l&#8217;adreça <a href="mailto:llegim@fundaciobromera.org">llegim@fundaciobromera.org</a> per a consultar-ne la disponibilitat.</h5>
<p>[/vc_column_text][/vc_column_inner][/vc_row_inner][/vc_column][/vc_row][vc_row][vc_column width=&#8221;1/2&#8243;][/vc_column][vc_column width=&#8221;1/2&#8243;][/vc_column][/vc_row]</p>
</div>

<p>[vc_row][vc_column][vc_column_text] Exposició «Llegim?» [/vc_column_text][/vc_column][/vc_row][vc_row][vc_column width=&#8221;1/2&#8243;][vc_single_image image=&#8221;2180&#8243; img_size=&#8221;full&#8221;][/vc_column][vc_column width=&#8221;1/2&#8243;][vc_column_text css=&#8221;.vc_custom_1557339808354{margin-bottom: 0px !important;border-bottom-width: 0px !important;padding-bottom: 0px !important;}&#8221;] L’exposició que et presentem proposa estratègies pràctiques i concretes per a fomentar la lectura a casa i aconseguir, així, que el fet de llegir –i de fer-ho en valencià– es convertisca en un hàbit quotidià. &nbsp; La mostra està integrada&#8230;</p>
